{"id":266,"date":"2020-01-13T11:29:03","date_gmt":"2020-01-13T10:29:03","guid":{"rendered":"https:\/\/www.informatiqueauchateau.be\/?page_id=266"},"modified":"2025-09-04T15:45:59","modified_gmt":"2025-09-04T13:45:59","slug":"traitement-photos-numeriques-photoshop","status":"publish","type":"page","link":"https:\/\/www.informatiqueauchateau.be\/index.php\/traitement-photos-numeriques-photoshop\/","title":{"rendered":"Traitement photos num\u00e9riques (PhotoShop)"},"content":{"rendered":"\t\t<div data-elementor-type=\"wp-page\" data-elementor-id=\"266\" class=\"elementor elementor-266\">\n\t\t\t\t\t\t<section class=\"elementor-section elementor-top-section elementor-element elementor-element-61f14ba elementor-section-boxed elementor-section-height-default elementor-section-height-default\" data-id=\"61f14ba\" data-element_type=\"section\">\n\t\t\t\t\t\t<div class=\"elementor-container elementor-column-gap-default\">\n\t\t\t\t\t<div class=\"elementor-column elementor-col-100 elementor-top-column elementor-element elementor-element-e848008\" data-id=\"e848008\" data-element_type=\"column\">\n\t\t\t<div class=\"elementor-widget-wrap elementor-element-populated\">\n\t\t\t\t\t\t<div class=\"elementor-element elementor-element-b7c46b5 elementor-widget elementor-widget-image\" data-id=\"b7c46b5\" data-element_type=\"widget\" data-widget_type=\"image.default\">\n\t\t\t\t<div class=\"elementor-widget-container\">\n\t\t\t\t\t\t\t\t\t\t\t\t\t\t\t<img fetchpriority=\"high\" decoding=\"async\" width=\"580\" height=\"145\" src=\"https:\/\/www.informatiqueauchateau.be\/wp-content\/uploads\/2024\/09\/Logo-2019-Banniere-1024x256.png\" class=\"attachment-large size-large wp-image-4681\" alt=\"\" srcset=\"https:\/\/www.informatiqueauchateau.be\/wp-content\/uploads\/2024\/09\/Logo-2019-Banniere-1024x256.png 1024w, https:\/\/www.informatiqueauchateau.be\/wp-content\/uploads\/2024\/09\/Logo-2019-Banniere-300x75.png 300w, https:\/\/www.informatiqueauchateau.be\/wp-content\/uploads\/2024\/09\/Logo-2019-Banniere-768x192.png 768w, https:\/\/www.informatiqueauchateau.be\/wp-content\/uploads\/2024\/09\/Logo-2019-Banniere.png 1031w\" sizes=\"(max-width: 580px) 100vw, 580px\" \/>\t\t\t\t\t\t\t\t\t\t\t\t\t\t\t<\/div>\n\t\t\t\t<\/div>\n\t\t\t\t<div class=\"elementor-element elementor-element-e52dc31 elementor-widget elementor-widget-image\" data-id=\"e52dc31\" data-element_type=\"widget\" data-widget_type=\"image.default\">\n\t\t\t\t<div class=\"elementor-widget-container\">\n\t\t\t\t\t\t\t\t\t\t\t\t\t\t\t<img decoding=\"async\" width=\"580\" height=\"435\" src=\"https:\/\/www.informatiqueauchateau.be\/wp-content\/uploads\/2020\/01\/Photoshop-min-1024x768.jpg\" class=\"attachment-large size-large wp-image-249\" alt=\"\" srcset=\"https:\/\/www.informatiqueauchateau.be\/wp-content\/uploads\/2020\/01\/Photoshop-min-1024x768.jpg 1024w, https:\/\/www.informatiqueauchateau.be\/wp-content\/uploads\/2020\/01\/Photoshop-min-300x225.jpg 300w, https:\/\/www.informatiqueauchateau.be\/wp-content\/uploads\/2020\/01\/Photoshop-min-768x576.jpg 768w, https:\/\/www.informatiqueauchateau.be\/wp-content\/uploads\/2020\/01\/Photoshop-min-1536x1152.jpg 1536w, https:\/\/www.informatiqueauchateau.be\/wp-content\/uploads\/2020\/01\/Photoshop-min-2048x1536.jpg 2048w, https:\/\/www.informatiqueauchateau.be\/wp-content\/uploads\/2020\/01\/Photoshop-min-1200x900.jpg 1200w, https:\/\/www.informatiqueauchateau.be\/wp-content\/uploads\/2020\/01\/Photoshop-min-1980x1485.jpg 1980w\" sizes=\"(max-width: 580px) 100vw, 580px\" \/>\t\t\t\t\t\t\t\t\t\t\t\t\t\t\t<\/div>\n\t\t\t\t<\/div>\n\t\t\t\t<div class=\"elementor-element elementor-element-20c4c05 elementor-align-center elementor-widget elementor-widget-button\" data-id=\"20c4c05\" data-element_type=\"widget\" data-widget_type=\"button.default\">\n\t\t\t\t<div class=\"elementor-widget-container\">\n\t\t\t\t\t\t\t\t\t<div class=\"elementor-button-wrapper\">\n\t\t\t\t\t<a class=\"elementor-button elementor-button-link elementor-size-sm\" href=\"https:\/\/forms.gle\/zhvu4aur7LGp9mtU7\">\n\t\t\t\t\t\t<span class=\"elementor-button-content-wrapper\">\n\t\t\t\t\t\t\t\t\t<span class=\"elementor-button-text\">Vers le formulaire de demande d'inscription ou de renseignements<\/span>\n\t\t\t\t\t<\/span>\n\t\t\t\t\t<\/a>\n\t\t\t\t<\/div>\n\t\t\t\t\t\t\t\t<\/div>\n\t\t\t\t<\/div>\n\t\t\t\t<div class=\"elementor-element elementor-element-1fc53f2 elementor-widget elementor-widget-text-editor\" data-id=\"1fc53f2\" data-element_type=\"widget\" data-widget_type=\"text-editor.default\">\n\t\t\t\t<div class=\"elementor-widget-container\">\n\t\t\t\t\t\t\t\t\t<p>Une photo parfaite\u00a0? Non, on trouve toujours des d\u00e9fauts ou un d\u00e9tail qui m\u00e9rite correction (yeux rouges, imperfection sur un visage, \u00e9clairage inad\u00e9quat, intrus dans la photo, \u2026).<\/p><p>L\u2019utilisation du logiciel Photoshop vous permettra d\u2019apporter les retouches n\u00e9cessaires.\u00a0 De plus, il vous permettra la r\u00e9alisation de photomontages.<\/p><p>La force de ce logiciel est de pouvoir g\u00e9n\u00e9rer n\u2019importe quelle image.\u00a0 Les seules limites sont votre imagination et votre talent, pour le reste nous pouvons lui faire confiance.<\/p><p><em><strong>Remarque\u00a0<\/strong><\/em>: cette formation ne concerne pas la technique de prise de vue avec un appareil photo num\u00e9rique.<\/p><h4>Pr\u00e9requis demand\u00e9<\/h4><p>Savoir charger ses photos sur l\u2019ordinateur et \u00eatre capable de les d\u00e9placer d\u2019un dossier \u00e0 l\u2019autre. Un jeu d\u2019enfants\u00a0! On peut vous aider\u2026<\/p><h4>Dur\u00e9e et localisation<\/h4><p>La formation comprend 10 s\u00e9ances de 3 heures \u00e0 raison d\u2019une s\u00e9ance par semaine hors vacances scolaires et jours f\u00e9ri\u00e9s.\u00a0 Chaque s\u00e9ance est agr\u00e9ment\u00e9e d\u2019une pause-caf\u00e9.<\/p><p>La formation se donne dans les locaux du club, au 1er \u00e9tage des Anciennes Ecuries du Ch\u00e2teau Communale de Ham-sur-Heure\/Nalinnes<\/p><h4>Nombre de participants<\/h4><p>Cette formation de groupe est limit\u00e9e \u00e0 un maximum de 12 participants par session. Plusieurs sessions pourraient \u00eatre organis\u00e9es dans l\u2019ann\u00e9e acad\u00e9mique.<\/p><h4>Informations\u00a0<\/h4><p>Pour toute demande d\u2019information, contactez le 0498\/48.86.53.<\/p><p><strong>IMPORTANT<\/strong>\u00a0: en cas d\u2019appel en absence, veuillez laisser votre nom, pr\u00e9nom, un num\u00e9ro de t\u00e9l\u00e9phone et en deux mots (pas trois\u2026) la raison de votre appel.\u00a0 Nous vous recontacterons avec plaisir.<\/p>\t\t\t\t\t\t\t\t<\/div>\n\t\t\t\t<\/div>\n\t\t\t\t<div class=\"elementor-element elementor-element-e3b3d3b elementor-widget elementor-widget-text-editor\" data-id=\"e3b3d3b\" data-element_type=\"widget\" data-widget_type=\"text-editor.default\">\n\t\t\t\t<div class=\"elementor-widget-container\">\n\t\t\t\t\t\t\t\t\t<h4>Participation aux frais<\/h4><p>Une participation aux frais de 2\u20ac par s\u00e9ance sera demand\u00e9e. Cela inclut le caf\u00e9 \u2026<\/p>\t\t\t\t\t\t\t\t<\/div>\n\t\t\t\t<\/div>\n\t\t\t\t<div class=\"elementor-element elementor-element-f800852 elementor-widget elementor-widget-text-editor\" data-id=\"f800852\" data-element_type=\"widget\" data-widget_type=\"text-editor.default\">\n\t\t\t\t<div class=\"elementor-widget-container\">\n\t\t\t\t\t\t\t\t\t<p>L&#8217;organisation de la formation (<em>mise en place et d\u00e9finition du moment dans la semaine<\/em>) est fonction de la disponibilit\u00e9 de l&#8217;animateur et du nombre d&#8217;inscriptions.<\/p>\t\t\t\t\t\t\t\t<\/div>\n\t\t\t\t<\/div>\n\t\t\t\t\t<\/div>\n\t\t<\/div>\n\t\t\t\t\t<\/div>\n\t\t<\/section>\n\t\t\t\t<\/div>\n\t\t","protected":false},"excerpt":{"rendered":"<p>Vers le formulaire de demande d&#8217;inscription ou de renseignements Une photo parfaite\u00a0? Non, on trouve toujours des d\u00e9fauts ou un d\u00e9tail qui m\u00e9rite correction (yeux rouges, imperfection sur un visage, \u00e9clairage inad\u00e9quat, intrus dans la photo, \u2026). L\u2019utilisation du logiciel Photoshop vous permettra d\u2019apporter les retouches n\u00e9cessaires.\u00a0 De plus, il vous permettra la r\u00e9alisation de [&hellip;]<\/p>\n","protected":false},"author":1,"featured_media":0,"parent":0,"menu_order":0,"comment_status":"closed","ping_status":"closed","template":"","meta":{"footnotes":""},"class_list":["post-266","page","type-page","status-publish","hentry"],"yoast_head":"<!-- This site is optimized with the Yoast SEO plugin v26.2 - https:\/\/yoast.com\/wordpress\/plugins\/seo\/ -->\n<title>Traitement photos num\u00e9riques (PhotoShop) -<\/title>\n<meta name=\"robots\" content=\"index, follow, max-snippet:-1, max-image-preview:large, max-video-preview:-1\" \/>\n<link rel=\"canonical\" href=\"https:\/\/www.informatiqueauchateau.be\/index.php\/traitement-photos-numeriques-photoshop\/\" \/>\n<meta property=\"og:locale\" content=\"en_US\" \/>\n<meta property=\"og:type\" content=\"article\" \/>\n<meta property=\"og:title\" content=\"Traitement photos num\u00e9riques (PhotoShop) -\" \/>\n<meta property=\"og:description\" content=\"Vers le formulaire de demande d&#8217;inscription ou de renseignements Une photo parfaite\u00a0? Non, on trouve toujours des d\u00e9fauts ou un d\u00e9tail qui m\u00e9rite correction (yeux rouges, imperfection sur un visage, \u00e9clairage inad\u00e9quat, intrus dans la photo, \u2026). L\u2019utilisation du logiciel Photoshop vous permettra d\u2019apporter les retouches n\u00e9cessaires.\u00a0 De plus, il vous permettra la r\u00e9alisation de [&hellip;]\" \/>\n<meta property=\"og:url\" content=\"https:\/\/www.informatiqueauchateau.be\/index.php\/traitement-photos-numeriques-photoshop\/\" \/>\n<meta property=\"article:modified_time\" content=\"2025-09-04T13:45:59+00:00\" \/>\n<meta property=\"og:image\" content=\"https:\/\/www.informatiqueauchateau.be\/wp-content\/uploads\/2024\/09\/Logo-2019-Banniere.png\" \/>\n\t<meta property=\"og:image:width\" content=\"1031\" \/>\n\t<meta property=\"og:image:height\" content=\"258\" \/>\n\t<meta property=\"og:image:type\" content=\"image\/png\" \/>\n<meta name=\"twitter:card\" content=\"summary_large_image\" \/>\n<meta name=\"twitter:label1\" content=\"Est. reading time\" \/>\n\t<meta name=\"twitter:data1\" content=\"2 minutes\" \/>\n<script type=\"application\/ld+json\" class=\"yoast-schema-graph\">{\"@context\":\"https:\/\/schema.org\",\"@graph\":[{\"@type\":\"WebPage\",\"@id\":\"https:\/\/www.informatiqueauchateau.be\/index.php\/traitement-photos-numeriques-photoshop\/\",\"url\":\"https:\/\/www.informatiqueauchateau.be\/index.php\/traitement-photos-numeriques-photoshop\/\",\"name\":\"Traitement photos num\u00e9riques (PhotoShop) -\",\"isPartOf\":{\"@id\":\"https:\/\/www.informatiqueauchateau.be\/#website\"},\"primaryImageOfPage\":{\"@id\":\"https:\/\/www.informatiqueauchateau.be\/index.php\/traitement-photos-numeriques-photoshop\/#primaryimage\"},\"image\":{\"@id\":\"https:\/\/www.informatiqueauchateau.be\/index.php\/traitement-photos-numeriques-photoshop\/#primaryimage\"},\"thumbnailUrl\":\"https:\/\/www.informatiqueauchateau.be\/wp-content\/uploads\/2024\/09\/Logo-2019-Banniere-1024x256.png\",\"datePublished\":\"2020-01-13T10:29:03+00:00\",\"dateModified\":\"2025-09-04T13:45:59+00:00\",\"breadcrumb\":{\"@id\":\"https:\/\/www.informatiqueauchateau.be\/index.php\/traitement-photos-numeriques-photoshop\/#breadcrumb\"},\"inLanguage\":\"en-US\",\"potentialAction\":[{\"@type\":\"ReadAction\",\"target\":[\"https:\/\/www.informatiqueauchateau.be\/index.php\/traitement-photos-numeriques-photoshop\/\"]}]},{\"@type\":\"ImageObject\",\"inLanguage\":\"en-US\",\"@id\":\"https:\/\/www.informatiqueauchateau.be\/index.php\/traitement-photos-numeriques-photoshop\/#primaryimage\",\"url\":\"https:\/\/www.informatiqueauchateau.be\/wp-content\/uploads\/2024\/09\/Logo-2019-Banniere.png\",\"contentUrl\":\"https:\/\/www.informatiqueauchateau.be\/wp-content\/uploads\/2024\/09\/Logo-2019-Banniere.png\",\"width\":1031,\"height\":258},{\"@type\":\"BreadcrumbList\",\"@id\":\"https:\/\/www.informatiqueauchateau.be\/index.php\/traitement-photos-numeriques-photoshop\/#breadcrumb\",\"itemListElement\":[{\"@type\":\"ListItem\",\"position\":1,\"name\":\"Accueil\",\"item\":\"https:\/\/www.informatiqueauchateau.be\/\"},{\"@type\":\"ListItem\",\"position\":2,\"name\":\"Traitement photos num\u00e9riques (PhotoShop)\"}]},{\"@type\":\"WebSite\",\"@id\":\"https:\/\/www.informatiqueauchateau.be\/#website\",\"url\":\"https:\/\/www.informatiqueauchateau.be\/\",\"name\":\"\",\"description\":\"\",\"potentialAction\":[{\"@type\":\"SearchAction\",\"target\":{\"@type\":\"EntryPoint\",\"urlTemplate\":\"https:\/\/www.informatiqueauchateau.be\/?s={search_term_string}\"},\"query-input\":{\"@type\":\"PropertyValueSpecification\",\"valueRequired\":true,\"valueName\":\"search_term_string\"}}],\"inLanguage\":\"en-US\"}]}<\/script>\n<!-- \/ Yoast SEO plugin. -->","yoast_head_json":{"title":"Traitement photos num\u00e9riques (PhotoShop) -","robots":{"index":"index","follow":"follow","max-snippet":"max-snippet:-1","max-image-preview":"max-image-preview:large","max-video-preview":"max-video-preview:-1"},"canonical":"https:\/\/www.informatiqueauchateau.be\/index.php\/traitement-photos-numeriques-photoshop\/","og_locale":"en_US","og_type":"article","og_title":"Traitement photos num\u00e9riques (PhotoShop) -","og_description":"Vers le formulaire de demande d&#8217;inscription ou de renseignements Une photo parfaite\u00a0? Non, on trouve toujours des d\u00e9fauts ou un d\u00e9tail qui m\u00e9rite correction (yeux rouges, imperfection sur un visage, \u00e9clairage inad\u00e9quat, intrus dans la photo, \u2026). L\u2019utilisation du logiciel Photoshop vous permettra d\u2019apporter les retouches n\u00e9cessaires.\u00a0 De plus, il vous permettra la r\u00e9alisation de [&hellip;]","og_url":"https:\/\/www.informatiqueauchateau.be\/index.php\/traitement-photos-numeriques-photoshop\/","article_modified_time":"2025-09-04T13:45:59+00:00","og_image":[{"width":1031,"height":258,"url":"https:\/\/www.informatiqueauchateau.be\/wp-content\/uploads\/2024\/09\/Logo-2019-Banniere.png","type":"image\/png"}],"twitter_card":"summary_large_image","twitter_misc":{"Est. reading time":"2 minutes"},"schema":{"@context":"https:\/\/schema.org","@graph":[{"@type":"WebPage","@id":"https:\/\/www.informatiqueauchateau.be\/index.php\/traitement-photos-numeriques-photoshop\/","url":"https:\/\/www.informatiqueauchateau.be\/index.php\/traitement-photos-numeriques-photoshop\/","name":"Traitement photos num\u00e9riques (PhotoShop) -","isPartOf":{"@id":"https:\/\/www.informatiqueauchateau.be\/#website"},"primaryImageOfPage":{"@id":"https:\/\/www.informatiqueauchateau.be\/index.php\/traitement-photos-numeriques-photoshop\/#primaryimage"},"image":{"@id":"https:\/\/www.informatiqueauchateau.be\/index.php\/traitement-photos-numeriques-photoshop\/#primaryimage"},"thumbnailUrl":"https:\/\/www.informatiqueauchateau.be\/wp-content\/uploads\/2024\/09\/Logo-2019-Banniere-1024x256.png","datePublished":"2020-01-13T10:29:03+00:00","dateModified":"2025-09-04T13:45:59+00:00","breadcrumb":{"@id":"https:\/\/www.informatiqueauchateau.be\/index.php\/traitement-photos-numeriques-photoshop\/#breadcrumb"},"inLanguage":"en-US","potentialAction":[{"@type":"ReadAction","target":["https:\/\/www.informatiqueauchateau.be\/index.php\/traitement-photos-numeriques-photoshop\/"]}]},{"@type":"ImageObject","inLanguage":"en-US","@id":"https:\/\/www.informatiqueauchateau.be\/index.php\/traitement-photos-numeriques-photoshop\/#primaryimage","url":"https:\/\/www.informatiqueauchateau.be\/wp-content\/uploads\/2024\/09\/Logo-2019-Banniere.png","contentUrl":"https:\/\/www.informatiqueauchateau.be\/wp-content\/uploads\/2024\/09\/Logo-2019-Banniere.png","width":1031,"height":258},{"@type":"BreadcrumbList","@id":"https:\/\/www.informatiqueauchateau.be\/index.php\/traitement-photos-numeriques-photoshop\/#breadcrumb","itemListElement":[{"@type":"ListItem","position":1,"name":"Accueil","item":"https:\/\/www.informatiqueauchateau.be\/"},{"@type":"ListItem","position":2,"name":"Traitement photos num\u00e9riques (PhotoShop)"}]},{"@type":"WebSite","@id":"https:\/\/www.informatiqueauchateau.be\/#website","url":"https:\/\/www.informatiqueauchateau.be\/","name":"","description":"","potentialAction":[{"@type":"SearchAction","target":{"@type":"EntryPoint","urlTemplate":"https:\/\/www.informatiqueauchateau.be\/?s={search_term_string}"},"query-input":{"@type":"PropertyValueSpecification","valueRequired":true,"valueName":"search_term_string"}}],"inLanguage":"en-US"}]}},"_links":{"self":[{"href":"https:\/\/www.informatiqueauchateau.be\/index.php\/wp-json\/wp\/v2\/pages\/266","targetHints":{"allow":["GET"]}}],"collection":[{"href":"https:\/\/www.informatiqueauchateau.be\/index.php\/wp-json\/wp\/v2\/pages"}],"about":[{"href":"https:\/\/www.informatiqueauchateau.be\/index.php\/wp-json\/wp\/v2\/types\/page"}],"author":[{"embeddable":true,"href":"https:\/\/www.informatiqueauchateau.be\/index.php\/wp-json\/wp\/v2\/users\/1"}],"replies":[{"embeddable":true,"href":"https:\/\/www.informatiqueauchateau.be\/index.php\/wp-json\/wp\/v2\/comments?post=266"}],"version-history":[{"count":27,"href":"https:\/\/www.informatiqueauchateau.be\/index.php\/wp-json\/wp\/v2\/pages\/266\/revisions"}],"predecessor-version":[{"id":5380,"href":"https:\/\/www.informatiqueauchateau.be\/index.php\/wp-json\/wp\/v2\/pages\/266\/revisions\/5380"}],"wp:attachment":[{"href":"https:\/\/www.informatiqueauchateau.be\/index.php\/wp-json\/wp\/v2\/media?parent=266"}],"curies":[{"name":"wp","href":"https:\/\/api.w.org\/{rel}","templated":true}]}}