{"id":433,"date":"2020-08-31T20:48:29","date_gmt":"2020-08-31T18:48:29","guid":{"rendered":"https:\/\/www.informatiqueauchateau.be\/?page_id=433"},"modified":"2021-05-24T21:04:09","modified_gmt":"2021-05-24T19:04:09","slug":"charte-covid-19","status":"publish","type":"page","link":"https:\/\/www.informatiqueauchateau.be\/index.php\/charte-covid-19\/","title":{"rendered":"Charte Covid 19"},"content":{"rendered":"\t\t<div data-elementor-type=\"wp-page\" data-elementor-id=\"433\" class=\"elementor elementor-433\">\n\t\t\t\t\t\t<section class=\"elementor-section elementor-top-section elementor-element elementor-element-46f88c04 elementor-section-boxed elementor-section-height-default elementor-section-height-default\" data-id=\"46f88c04\" data-element_type=\"section\">\n\t\t\t\t\t\t<div class=\"elementor-container elementor-column-gap-default\">\n\t\t\t\t\t<div class=\"elementor-column elementor-col-100 elementor-top-column elementor-element elementor-element-4f79dcfe\" data-id=\"4f79dcfe\" data-element_type=\"column\">\n\t\t\t<div class=\"elementor-widget-wrap elementor-element-populated\">\n\t\t\t\t\t\t<div class=\"elementor-element elementor-element-3359bd95 elementor-invisible elementor-widget elementor-widget-text-editor\" data-id=\"3359bd95\" data-element_type=\"widget\" data-settings=\"{&quot;_animation&quot;:&quot;fadeInDown&quot;}\" data-widget_type=\"text-editor.default\">\n\t\t\t\t<div class=\"elementor-widget-container\">\n\t\t\t\t\t\t\t\t\t<p><\/p>\n<p class=\"Standarduser\" style=\"text-align: center;\" align=\"center\"><strong><span style=\"font-size: 16.0pt; font-family: 'Liberation Sans',sans-serif; color: #c9211e;\">En entrant dans ce lieu, j\u2019adh\u00e8re et je mets en pratique les recommandations\/impositions d\u00e9crites ci-apr\u00e8s<\/span><\/strong><\/p>\n<p><\/p>\t\t\t\t\t\t\t\t<\/div>\n\t\t\t\t<\/div>\n\t\t\t\t\t<\/div>\n\t\t<\/div>\n\t\t\t\t\t<\/div>\n\t\t<\/section>\n\t\t\t\t<section class=\"elementor-section elementor-top-section elementor-element elementor-element-5d964cc elementor-section-stretched elementor-section-boxed elementor-section-height-default elementor-section-height-default\" data-id=\"5d964cc\" data-element_type=\"section\" data-settings=\"{&quot;stretch_section&quot;:&quot;section-stretched&quot;}\">\n\t\t\t\t\t\t<div class=\"elementor-container elementor-column-gap-default\">\n\t\t\t\t\t<div class=\"elementor-column elementor-col-100 elementor-top-column elementor-element elementor-element-1a9ae6b\" data-id=\"1a9ae6b\" data-element_type=\"column\">\n\t\t\t<div class=\"elementor-widget-wrap elementor-element-populated\">\n\t\t\t\t\t\t<div class=\"elementor-element elementor-element-0160c68 elementor-widget elementor-widget-text-editor\" data-id=\"0160c68\" data-element_type=\"widget\" data-widget_type=\"text-editor.default\">\n\t\t\t\t<div class=\"elementor-widget-container\">\n\t\t\t\t\t\t\t\t\t<p><\/p>\n<ul>\n<li>J\u2019agis en personne responsable et dans le respect de chacun.<\/li>\n<li>Je suis malade ! Je reste \u00e0 la maison.<\/li>\n<li>Je me d\u00e9sinfecte les mains en entrant et en sortant du club. Du gel hydro alcoolique est mis \u00e0 ma disposition \u00e0 l\u2019entr\u00e9e.<\/li>\n<li>Je ne serre pas la main et je n\u2019utilise aucun autre moyen tactile en guise de salutation.<\/li>\n<li>J\u2019adh\u00e8re \u00e0 la notion de la bulle comme d\u00e9fini par le Conseil National de S\u00e9curit\u00e9 (CNS). En cas de d\u00e9passement, j\u2019agis en personne responsable.<\/li>\n<li>J\u2019utilise mon \u00e9quipement informatique. Dans le cas o\u00f9 je suis amen\u00e9 \u00e0 utiliser les PCs du club, je m\u2019engage \u00e0 n\u2019utiliser que celui qui me sera mis \u00e0 disposition. Apr\u00e8s utilisation, je m\u2019engage \u00e0 d\u00e9sinfecter l\u2019\u00e9quipement et le plan de travail suivant les directives qui m\u2019auront \u00e9t\u00e9 donn\u00e9es.<\/li>\n<li>Je respecte les consignes du port du masque \u00e0 savoir :\n<ul>\n<li>Seul (e) \u00e0 la table, le port du masque n\u2019est pas exig\u00e9. N\u00e9anmoins, j\u2019agis en personne responsable quant \u00e0 son port \u00e9ventuel.<\/li>\n<li>Dans le cas o\u00f9 j\u2019ai besoin ou\/et je donne une aide \u00e0 une autre personne et dans la situation o\u00f9 la distanciation sociale serait inf\u00e9rieure \u00e0 1,5m, le port du masque est obligatoire pour les intervenants.<\/li>\n<li>Lors de mes d\u00e9placements \u00e0 l\u2019int\u00e9rieur des locaux du club, le port du masque est hautement recommand\u00e9.<\/li>\n<\/ul>\n<\/li>\n<\/ul>\n<p><em><strong>\u00ab Quand je me prot\u00e8ge, je te prot\u00e8ge et je te respecte !&nbsp; &nbsp; <\/strong><\/em><em><strong>Quand tu te prot\u00e8ges, tu me prot\u00e8ges et tu me respectes ! \u00bb<\/strong><\/em><\/p>\n<ul>\n<li>Je fr\u00e9quente la cafeteria en respectant la distanciation sociale (1,5m) et j\u2019utilise les contenants \u00e0 usage unique.<\/li>\n<li>Les toilettes restantes accessibles, je les utilise avec \u00ab bon sens \u00bb. Un d\u00e9sinfectant est mis \u00e0 disposition.<\/li>\n<li>Je me tiens inform\u00e9 en permanence de toute modification \u00e9ventuelle de la pr\u00e9sente charte et adh\u00e8re \u00e0 sa mise en effet imm\u00e9diate.<\/li>\n<\/ul><div>Juillet 2020<\/div>\t\t\t\t\t\t\t\t<\/div>\n\t\t\t\t<\/div>\n\t\t\t\t\t<\/div>\n\t\t<\/div>\n\t\t\t\t\t<\/div>\n\t\t<\/section>\n\t\t\t\t<\/div>\n\t\t","protected":false},"excerpt":{"rendered":"<p>En entrant dans ce lieu, j\u2019adh\u00e8re et je mets en pratique les recommandations\/impositions d\u00e9crites ci-apr\u00e8s J\u2019agis en personne responsable et dans le respect de chacun. Je suis malade ! Je reste \u00e0 la maison. Je me d\u00e9sinfecte les mains en entrant et en sortant du club. Du gel hydro alcoolique est mis \u00e0 ma disposition [&hellip;]<\/p>\n","protected":false},"author":1,"featured_media":0,"parent":0,"menu_order":0,"comment_status":"closed","ping_status":"open","template":"","meta":{"footnotes":""},"class_list":["post-433","page","type-page","status-publish","hentry"],"yoast_head":"<!-- This site is optimized with the Yoast SEO plugin v26.2 - https:\/\/yoast.com\/wordpress\/plugins\/seo\/ -->\n<title>Charte Covid 19 -<\/title>\n<meta name=\"robots\" content=\"index, follow, max-snippet:-1, max-image-preview:large, max-video-preview:-1\" \/>\n<link rel=\"canonical\" href=\"https:\/\/www.informatiqueauchateau.be\/index.php\/charte-covid-19\/\" \/>\n<meta property=\"og:locale\" content=\"en_US\" \/>\n<meta property=\"og:type\" content=\"article\" \/>\n<meta property=\"og:title\" content=\"Charte Covid 19 -\" \/>\n<meta property=\"og:description\" content=\"En entrant dans ce lieu, j\u2019adh\u00e8re et je mets en pratique les recommandations\/impositions d\u00e9crites ci-apr\u00e8s J\u2019agis en personne responsable et dans le respect de chacun. Je suis malade ! Je reste \u00e0 la maison. Je me d\u00e9sinfecte les mains en entrant et en sortant du club. Du gel hydro alcoolique est mis \u00e0 ma disposition [&hellip;]\" \/>\n<meta property=\"og:url\" content=\"https:\/\/www.informatiqueauchateau.be\/index.php\/charte-covid-19\/\" \/>\n<meta property=\"article:modified_time\" content=\"2021-05-24T19:04:09+00:00\" \/>\n<meta name=\"twitter:card\" content=\"summary_large_image\" \/>\n<meta name=\"twitter:label1\" content=\"Est. reading time\" \/>\n\t<meta name=\"twitter:data1\" content=\"2 minutes\" \/>\n<script type=\"application\/ld+json\" class=\"yoast-schema-graph\">{\"@context\":\"https:\/\/schema.org\",\"@graph\":[{\"@type\":\"WebPage\",\"@id\":\"https:\/\/www.informatiqueauchateau.be\/index.php\/charte-covid-19\/\",\"url\":\"https:\/\/www.informatiqueauchateau.be\/index.php\/charte-covid-19\/\",\"name\":\"Charte Covid 19 -\",\"isPartOf\":{\"@id\":\"https:\/\/www.informatiqueauchateau.be\/#website\"},\"datePublished\":\"2020-08-31T18:48:29+00:00\",\"dateModified\":\"2021-05-24T19:04:09+00:00\",\"breadcrumb\":{\"@id\":\"https:\/\/www.informatiqueauchateau.be\/index.php\/charte-covid-19\/#breadcrumb\"},\"inLanguage\":\"en-US\",\"potentialAction\":[{\"@type\":\"ReadAction\",\"target\":[\"https:\/\/www.informatiqueauchateau.be\/index.php\/charte-covid-19\/\"]}]},{\"@type\":\"BreadcrumbList\",\"@id\":\"https:\/\/www.informatiqueauchateau.be\/index.php\/charte-covid-19\/#breadcrumb\",\"itemListElement\":[{\"@type\":\"ListItem\",\"position\":1,\"name\":\"Accueil\",\"item\":\"https:\/\/www.informatiqueauchateau.be\/\"},{\"@type\":\"ListItem\",\"position\":2,\"name\":\"Charte Covid 19\"}]},{\"@type\":\"WebSite\",\"@id\":\"https:\/\/www.informatiqueauchateau.be\/#website\",\"url\":\"https:\/\/www.informatiqueauchateau.be\/\",\"name\":\"\",\"description\":\"\",\"potentialAction\":[{\"@type\":\"SearchAction\",\"target\":{\"@type\":\"EntryPoint\",\"urlTemplate\":\"https:\/\/www.informatiqueauchateau.be\/?s={search_term_string}\"},\"query-input\":{\"@type\":\"PropertyValueSpecification\",\"valueRequired\":true,\"valueName\":\"search_term_string\"}}],\"inLanguage\":\"en-US\"}]}<\/script>\n<!-- \/ Yoast SEO plugin. -->","yoast_head_json":{"title":"Charte Covid 19 -","robots":{"index":"index","follow":"follow","max-snippet":"max-snippet:-1","max-image-preview":"max-image-preview:large","max-video-preview":"max-video-preview:-1"},"canonical":"https:\/\/www.informatiqueauchateau.be\/index.php\/charte-covid-19\/","og_locale":"en_US","og_type":"article","og_title":"Charte Covid 19 -","og_description":"En entrant dans ce lieu, j\u2019adh\u00e8re et je mets en pratique les recommandations\/impositions d\u00e9crites ci-apr\u00e8s J\u2019agis en personne responsable et dans le respect de chacun. Je suis malade ! Je reste \u00e0 la maison. Je me d\u00e9sinfecte les mains en entrant et en sortant du club. Du gel hydro alcoolique est mis \u00e0 ma disposition [&hellip;]","og_url":"https:\/\/www.informatiqueauchateau.be\/index.php\/charte-covid-19\/","article_modified_time":"2021-05-24T19:04:09+00:00","twitter_card":"summary_large_image","twitter_misc":{"Est. reading time":"2 minutes"},"schema":{"@context":"https:\/\/schema.org","@graph":[{"@type":"WebPage","@id":"https:\/\/www.informatiqueauchateau.be\/index.php\/charte-covid-19\/","url":"https:\/\/www.informatiqueauchateau.be\/index.php\/charte-covid-19\/","name":"Charte Covid 19 -","isPartOf":{"@id":"https:\/\/www.informatiqueauchateau.be\/#website"},"datePublished":"2020-08-31T18:48:29+00:00","dateModified":"2021-05-24T19:04:09+00:00","breadcrumb":{"@id":"https:\/\/www.informatiqueauchateau.be\/index.php\/charte-covid-19\/#breadcrumb"},"inLanguage":"en-US","potentialAction":[{"@type":"ReadAction","target":["https:\/\/www.informatiqueauchateau.be\/index.php\/charte-covid-19\/"]}]},{"@type":"BreadcrumbList","@id":"https:\/\/www.informatiqueauchateau.be\/index.php\/charte-covid-19\/#breadcrumb","itemListElement":[{"@type":"ListItem","position":1,"name":"Accueil","item":"https:\/\/www.informatiqueauchateau.be\/"},{"@type":"ListItem","position":2,"name":"Charte Covid 19"}]},{"@type":"WebSite","@id":"https:\/\/www.informatiqueauchateau.be\/#website","url":"https:\/\/www.informatiqueauchateau.be\/","name":"","description":"","potentialAction":[{"@type":"SearchAction","target":{"@type":"EntryPoint","urlTemplate":"https:\/\/www.informatiqueauchateau.be\/?s={search_term_string}"},"query-input":{"@type":"PropertyValueSpecification","valueRequired":true,"valueName":"search_term_string"}}],"inLanguage":"en-US"}]}},"_links":{"self":[{"href":"https:\/\/www.informatiqueauchateau.be\/index.php\/wp-json\/wp\/v2\/pages\/433","targetHints":{"allow":["GET"]}}],"collection":[{"href":"https:\/\/www.informatiqueauchateau.be\/index.php\/wp-json\/wp\/v2\/pages"}],"about":[{"href":"https:\/\/www.informatiqueauchateau.be\/index.php\/wp-json\/wp\/v2\/types\/page"}],"author":[{"embeddable":true,"href":"https:\/\/www.informatiqueauchateau.be\/index.php\/wp-json\/wp\/v2\/users\/1"}],"replies":[{"embeddable":true,"href":"https:\/\/www.informatiqueauchateau.be\/index.php\/wp-json\/wp\/v2\/comments?post=433"}],"version-history":[{"count":9,"href":"https:\/\/www.informatiqueauchateau.be\/index.php\/wp-json\/wp\/v2\/pages\/433\/revisions"}],"predecessor-version":[{"id":1047,"href":"https:\/\/www.informatiqueauchateau.be\/index.php\/wp-json\/wp\/v2\/pages\/433\/revisions\/1047"}],"wp:attachment":[{"href":"https:\/\/www.informatiqueauchateau.be\/index.php\/wp-json\/wp\/v2\/media?parent=433"}],"curies":[{"name":"wp","href":"https:\/\/api.w.org\/{rel}","templated":true}]}}

<div data-elementor-type="wp-page" data-elementor-id="433" class="elementor elementor-433">
						<section class="elementor-section elementor-top-section elementor-element elementor-element-46f88c04 elementor-section-boxed elementor-section-height-default elementor-section-height-default" data-id="46f88c04" data-element_type="section">
						<div class="elementor-container elementor-column-gap-default">
					<div class="elementor-column elementor-col-100 elementor-top-column elementor-element elementor-element-4f79dcfe" data-id="4f79dcfe" data-element_type="column">
			<div class="elementor-widget-wrap elementor-element-populated">
						<div class="elementor-element elementor-element-3359bd95 elementor-invisible elementor-widget elementor-widget-text-editor" data-id="3359bd95" data-element_type="widget" data-settings="{&quot;_animation&quot;:&quot;fadeInDown&quot;}" data-widget_type="text-editor.default">
				<div class="elementor-widget-container">
									<p></p>
<p class="Standarduser" style="text-align: center;" align="center"><strong><span style="font-size: 16.0pt; font-family: 'Liberation Sans',sans-serif; color: #c9211e;">En entrant dans ce lieu, j’adhère et je mets en pratique les recommandations/impositions décrites ci-après</span></strong></p>
<p></p>								</div>
				</div>
					</div>
		</div>
					</div>
		</section>
				<section class="elementor-section elementor-top-section elementor-element elementor-element-5d964cc elementor-section-stretched elementor-section-boxed elementor-section-height-default elementor-section-height-default" data-id="5d964cc" data-element_type="section" data-settings="{&quot;stretch_section&quot;:&quot;section-stretched&quot;}">
						<div class="elementor-container elementor-column-gap-default">
					<div class="elementor-column elementor-col-100 elementor-top-column elementor-element elementor-element-1a9ae6b" data-id="1a9ae6b" data-element_type="column">
			<div class="elementor-widget-wrap elementor-element-populated">
						<div class="elementor-element elementor-element-0160c68 elementor-widget elementor-widget-text-editor" data-id="0160c68" data-element_type="widget" data-widget_type="text-editor.default">
				<div class="elementor-widget-container">
									<p></p>
<ul>
<li>J’agis en personne responsable et dans le respect de chacun.</li>
<li>Je suis malade ! Je reste à la maison.</li>
<li>Je me désinfecte les mains en entrant et en sortant du club. Du gel hydro alcoolique est mis à ma disposition à l’entrée.</li>
<li>Je ne serre pas la main et je n’utilise aucun autre moyen tactile en guise de salutation.</li>
<li>J’adhère à la notion de la bulle comme défini par le Conseil National de Sécurité (CNS). En cas de dépassement, j’agis en personne responsable.</li>
<li>J’utilise mon équipement informatique. Dans le cas où je suis amené à utiliser les PCs du club, je m’engage à n’utiliser que celui qui me sera mis à disposition. Après utilisation, je m’engage à désinfecter l’équipement et le plan de travail suivant les directives qui m’auront été données.</li>
<li>Je respecte les consignes du port du masque à savoir :
<ul>
<li>Seul (e) à la table, le port du masque n’est pas exigé. Néanmoins, j’agis en personne responsable quant à son port éventuel.</li>
<li>Dans le cas où j’ai besoin ou/et je donne une aide à une autre personne et dans la situation où la distanciation sociale serait inférieure à 1,5m, le port du masque est obligatoire pour les intervenants.</li>
<li>Lors de mes déplacements à l’intérieur des locaux du club, le port du masque est hautement recommandé.</li>
</ul>
</li>
</ul>
<p><em><strong>« Quand je me protège, je te protège et je te respecte !&nbsp; &nbsp; </strong></em><em><strong>Quand tu te protèges, tu me protèges et tu me respectes ! »</strong></em></p>
<ul>
<li>Je fréquente la cafeteria en respectant la distanciation sociale (1,5m) et j’utilise les contenants à usage unique.</li>
<li>Les toilettes restantes accessibles, je les utilise avec « bon sens ». Un désinfectant est mis à disposition.</li>
<li>Je me tiens informé en permanence de toute modification éventuelle de la présente charte et adhère à sa mise en effet immédiate.</li>
</ul><div>Juillet 2020</div>								</div>
				</div>
					</div>
		</div>
					</div>
		</section>
				</div>

<p>En entrant dans ce lieu, j’adhère et je mets en pratique les recommandations/impositions décrites ci-après J’agis en personne responsable et dans le respect de chacun. Je suis malade ! Je reste à la maison. Je me désinfecte les mains en entrant et en sortant du club. Du gel hydro alcoolique est mis à ma disposition [&hellip;]</p>

<!-- This site is optimized with the Yoast SEO plugin v26.2 - https://yoast.com/wordpress/plugins/seo/ -->
<title>Charte Covid 19 -</title>
<meta name="robots" content="index, follow, max-snippet:-1, max-image-preview:large, max-video-preview:-1" />
<link rel="canonical" href="https://www.informatiqueauchateau.be/index.php/charte-covid-19/" />
<meta property="og:locale" content="en_US" />
<meta property="og:type" content="article" />
<meta property="og:title" content="Charte Covid 19 -" />
<meta property="og:description" content="En entrant dans ce lieu, j’adhère et je mets en pratique les recommandations/impositions décrites ci-après J’agis en personne responsable et dans le respect de chacun. Je suis malade ! Je reste à la maison. Je me désinfecte les mains en entrant et en sortant du club. Du gel hydro alcoolique est mis à ma disposition [&hellip;]" />
<meta property="og:url" content="https://www.informatiqueauchateau.be/index.php/charte-covid-19/" />
<meta property="article:modified_time" content="2021-05-24T19:04:09+00:00" />
<meta name="twitter:card" content="summary_large_image" />
<meta name="twitter:label1" content="Est. reading time" />
	<meta name="twitter:data1" content="2 minutes" />
<script type="application/ld+json" class="yoast-schema-graph">{"@context":"https://schema.org","@graph":[{"@type":"WebPage","@id":"https://www.informatiqueauchateau.be/index.php/charte-covid-19/","url":"https://www.informatiqueauchateau.be/index.php/charte-covid-19/","name":"Charte Covid 19 -","isPartOf":{"@id":"https://www.informatiqueauchateau.be/#website"},"datePublished":"2020-08-31T18:48:29+00:00","dateModified":"2021-05-24T19:04:09+00:00","breadcrumb":{"@id":"https://www.informatiqueauchateau.be/index.php/charte-covid-19/#breadcrumb"},"inLanguage":"en-US","potentialAction":[{"@type":"ReadAction","target":["https://www.informatiqueauchateau.be/index.php/charte-covid-19/"]}]},{"@type":"BreadcrumbList","@id":"https://www.informatiqueauchateau.be/index.php/charte-covid-19/#breadcrumb","itemListElement":[{"@type":"ListItem","position":1,"name":"Accueil","item":"https://www.informatiqueauchateau.be/"},{"@type":"ListItem","position":2,"name":"Charte Covid 19"}]},{"@type":"WebSite","@id":"https://www.informatiqueauchateau.be/#website","url":"https://www.informatiqueauchateau.be/","name":"","description":"","potentialAction":[{"@type":"SearchAction","target":{"@type":"EntryPoint","urlTemplate":"https://www.informatiqueauchateau.be/?s={search_term_string}"},"query-input":{"@type":"PropertyValueSpecification","valueRequired":true,"valueName":"search_term_string"}}],"inLanguage":"en-US"}]}</script>
<!-- / Yoast SEO plugin. -->

En entrant dans ce lieu, j’adhère et je mets en pratique les recommandations/impositions décrites ci-après J’agis en personne responsable et dans le respect de chacun. Je suis malade ! Je reste à la maison. Je me désinfecte les mains en entrant et en sortant du club. Du gel hydro alcoolique est mis à ma disposition [&hellip;]
