{"id":911,"date":"2021-03-16T16:02:30","date_gmt":"2021-03-16T15:02:30","guid":{"rendered":"https:\/\/www.informatiqueauchateau.be\/?page_id=911"},"modified":"2021-03-19T08:54:56","modified_gmt":"2021-03-19T07:54:56","slug":"zoom-13","status":"publish","type":"page","link":"https:\/\/www.informatiqueauchateau.be\/index.php\/zoom-13\/","title":{"rendered":"Zoom"},"content":{"rendered":"\n<div class=\"wp-block-columns is-layout-flex wp-container-core-columns-is-layout-1 wp-block-columns-is-layout-flex\">\n<div class=\"wp-block-column is-layout-flow wp-block-column-is-layout-flow\">\n<figure class=\"wp-block-image size-large is-resized is-style-default\"><img fetchpriority=\"high\" decoding=\"async\" src=\"https:\/\/www.informatiqueauchateau.be\/wp-content\/uploads\/2021\/03\/Zoom.jpg\" alt=\"\" class=\"wp-image-946\" width=\"232\" height=\"233\" srcset=\"https:\/\/www.informatiqueauchateau.be\/wp-content\/uploads\/2021\/03\/Zoom.jpg 222w, https:\/\/www.informatiqueauchateau.be\/wp-content\/uploads\/2021\/03\/Zoom-150x150.jpg 150w\" sizes=\"(max-width: 232px) 100vw, 232px\" \/><\/figure>\n<\/div>\n\n\n\n<div class=\"wp-block-column is-layout-flow wp-block-column-is-layout-flow\">\n<p class=\"has-normal-font-size\">Nous utilisons la plateforme Zoom pour l&#8217;organisation de nos rencontres en virtuel. Que se soit pour l&#8217;Ap\u00e9ro virtuel du vendredi matin, que pour une aide personnalis\u00e9e \u00e0 distance.<\/p>\n<\/div>\n<\/div>\n\n\n\n<p>L&#8217;utilisation de la plateforme Zoom sur votre PC portable ou votre PC fixe avec une cam\u00e9ra externe s&#8217;effectue en 2 \u00e9tapes:<\/p>\n\n\n\n<ul class=\"wp-block-list\"><li>le t\u00e9l\u00e9chargement et l&#8217;installation de l&#8217;application Zoom sur votre PC, si d\u00e9j\u00e0 pas install\u00e9e.  C&#8217;est facile et cette op\u00e9ration n&#8217;est requise qu&#8217;une seule fois.<\/li><li>le participation \u00e0 une r\u00e9union Zoom.  C&#8217;est tout aussi facile !<\/li><\/ul>\n\n\n\n<p><em><strong>Remarque: l&#8217;utilisation de la plateforme Zoom est \u00e9galement possible sur une tablette, un smartphone  apr\u00e8s avoir install\u00e9 l&#8217;application via le Play Store (Android) ou via le App Store (Ios)<\/strong><\/em>.<\/p>\n\n\n\n<p>Le principe des \u00e9v\u00e8nements Zoom est le suivant:<\/p>\n\n\n\n<ul class=\"wp-block-list\"><li>L&#8217;animateur (celui qui organise la r\u00e9union) vous envoi un e-mail d&#8217;invitation contenant le sujet et les coordonn\u00e9es pour la connexion.<\/li><li>A l&#8217;heure dite (ou quelques minutes avant), vous ouvrez l&#8217;e-mail et choisissez 1 des 2 modes de connexion propos\u00e9s. <\/li><li>Apr\u00e8s quelques secondes, vous entrez dans la r\u00e9union<\/li><\/ul>\n\n\n\n<p>Simple! N&#8217;est-ce pas&#8230;  On y va ?<\/p>\n\n\n\n<h5 class=\"wp-block-heading\">T\u00e9l\u00e9chargement et installation de l&#8217;application Zoom<\/h5>\n\n\n\n<p>En premier, v\u00e9rifiez que l&#8217;application Zoom n&#8217;est d\u00e9j\u00e0 pas install\u00e9e sur votre PC.  <\/p>\n\n\n\n<p>Pour ce faire, <\/p>\n\n\n\n<ul class=\"wp-block-list\"><li>affichez le menu D\u00e9marrer (touche Windows)<\/li><li>d\u00e9roulez la liste des applications de votre PC et v\u00e9rifiez que Zoom appara\u00eet.<\/li><\/ul>\n\n\n\n<figure class=\"wp-block-image size-large\"><img decoding=\"async\" width=\"1024\" height=\"493\" src=\"https:\/\/www.informatiqueauchateau.be\/wp-content\/uploads\/2021\/03\/Zoom-A-1024x493.jpg\" alt=\"\" class=\"wp-image-919\" srcset=\"https:\/\/www.informatiqueauchateau.be\/wp-content\/uploads\/2021\/03\/Zoom-A-1024x493.jpg 1024w, https:\/\/www.informatiqueauchateau.be\/wp-content\/uploads\/2021\/03\/Zoom-A-300x145.jpg 300w, https:\/\/www.informatiqueauchateau.be\/wp-content\/uploads\/2021\/03\/Zoom-A-768x370.jpg 768w, https:\/\/www.informatiqueauchateau.be\/wp-content\/uploads\/2021\/03\/Zoom-A-1536x740.jpg 1536w, https:\/\/www.informatiqueauchateau.be\/wp-content\/uploads\/2021\/03\/Zoom-A-1200x578.jpg 1200w, https:\/\/www.informatiqueauchateau.be\/wp-content\/uploads\/2021\/03\/Zoom-A.jpg 1611w\" sizes=\"(max-width: 1024px) 100vw, 1024px\" \/><\/figure>\n\n\n\n<p>Si Zoom appara\u00eet, fantastique ! C&#8217;est bon pour cette \u00e9tape&#8230;<\/p>\n\n\n\n<p>Si Zoom n&#8217;apparait pas, cliquez sur le lien ci-apr\u00e8s pour proc\u00e9der au t\u00e9l\u00e9chargement de l&#8217;application.<\/p>\n\n\n\n<p><a href=\"https:\/\/zoom.us\/support\/download\">https:\/\/zoom.us\/support\/download<\/a><\/p>\n\n\n\n<p>Le t\u00e9l\u00e9chargement de l&#8217;application Zoom est lanc\u00e9.  Vous pouvez voir sa progression dans le coin inf\u00e9rieur gauche de la fen\u00eatre.<\/p>\n\n\n\n<figure class=\"wp-block-image size-large\"><img decoding=\"async\" width=\"1024\" height=\"627\" src=\"https:\/\/www.informatiqueauchateau.be\/wp-content\/uploads\/2021\/03\/Zoom-4-1024x627.jpg\" alt=\"\" class=\"wp-image-917\" srcset=\"https:\/\/www.informatiqueauchateau.be\/wp-content\/uploads\/2021\/03\/Zoom-4-1024x627.jpg 1024w, https:\/\/www.informatiqueauchateau.be\/wp-content\/uploads\/2021\/03\/Zoom-4-300x184.jpg 300w, https:\/\/www.informatiqueauchateau.be\/wp-content\/uploads\/2021\/03\/Zoom-4-768x470.jpg 768w, https:\/\/www.informatiqueauchateau.be\/wp-content\/uploads\/2021\/03\/Zoom-4.jpg 1131w\" sizes=\"(max-width: 1024px) 100vw, 1024px\" \/><\/figure>\n\n\n\n<p>Lorsque le processus de t\u00e9l\u00e9chargement est termin\u00e9 ( voir la barre de progression), cliquez sur &#8220;Zoominstaller.exe&#8221; dans le coin inf\u00e9rieur gauche de la fen\u00eatre, pour lancer le processus d&#8217;installation de Zoom sur votre PC.<\/p>\n\n\n\n<figure class=\"wp-block-image size-large\"><img loading=\"lazy\" decoding=\"async\" width=\"1024\" height=\"666\" src=\"https:\/\/www.informatiqueauchateau.be\/wp-content\/uploads\/2021\/03\/Zoom-5-1024x666.jpg\" alt=\"\" class=\"wp-image-918\" srcset=\"https:\/\/www.informatiqueauchateau.be\/wp-content\/uploads\/2021\/03\/Zoom-5-1024x666.jpg 1024w, https:\/\/www.informatiqueauchateau.be\/wp-content\/uploads\/2021\/03\/Zoom-5-300x195.jpg 300w, https:\/\/www.informatiqueauchateau.be\/wp-content\/uploads\/2021\/03\/Zoom-5-768x500.jpg 768w, https:\/\/www.informatiqueauchateau.be\/wp-content\/uploads\/2021\/03\/Zoom-5.jpg 1054w\" sizes=\"(max-width: 1024px) 100vw, 1024px\" \/><\/figure>\n\n\n\n<p>Voil\u00e0 ! L&#8217;application Zoom est install\u00e9e sur votre PC &#8230;  Vous pouvez fermer la fen\u00eatre affich\u00e9e \u00e0 l&#8217;\u00e9cran.<\/p>\n\n\n\n<h5 class=\"wp-block-heading\">Comment assister \u00e0 un \u00e9v\u00e8nement Zoom \u00e0 la maison?<\/h5>\n\n\n\n<p>L&#8217;animateur ou celui qui a cr\u00e9\u00e9 l&#8217;\u00e9v\u00e8nement, envoie un e-mail d&#8217;invitation avec les d\u00e9tails de l&#8217;\u00e9v\u00e8nement. La date, l&#8217;heure, le sujet et surtout, les instructions de connexion.<\/p>\n\n\n\n<p>Ces instructions de connexion vous offrent la possibilit\u00e9 de vous connecter de 2 fa\u00e7ons.<\/p>\n\n\n\n<ul class=\"wp-block-list\"><li>soit en utilisant le lien pr\u00e9sent dans le texte de l&#8217;e-mail (le plus facile)<\/li><li>soit en utilisant le num\u00e9ro (ID) de r\u00e9union et le code secret associ\u00e9, \u00e9galement repris dans le texte de l&#8217;e-mail.<\/li><\/ul>\n\n\n\n<figure class=\"wp-block-image size-large is-resized\"><img loading=\"lazy\" decoding=\"async\" src=\"https:\/\/www.informatiqueauchateau.be\/wp-content\/uploads\/2021\/03\/Zoom-1-1024x609.jpg\" alt=\"\" class=\"wp-image-927\" width=\"605\" height=\"359\" srcset=\"https:\/\/www.informatiqueauchateau.be\/wp-content\/uploads\/2021\/03\/Zoom-1-1024x609.jpg 1024w, https:\/\/www.informatiqueauchateau.be\/wp-content\/uploads\/2021\/03\/Zoom-1-300x179.jpg 300w, https:\/\/www.informatiqueauchateau.be\/wp-content\/uploads\/2021\/03\/Zoom-1-768x457.jpg 768w, https:\/\/www.informatiqueauchateau.be\/wp-content\/uploads\/2021\/03\/Zoom-1-1200x714.jpg 1200w, https:\/\/www.informatiqueauchateau.be\/wp-content\/uploads\/2021\/03\/Zoom-1.jpg 1400w\" sizes=\"(max-width: 605px) 100vw, 605px\" \/><\/figure>\n\n\n\n<h6 class=\"wp-block-heading\">Se connecter avec le lien<\/h6>\n\n\n\n<p>Dans l&#8217;e-mail d&#8217;invitation, cliquez sur le lien &#8220;bleu&#8221; <\/p>\n\n\n\n<figure class=\"wp-block-image size-large\"><img loading=\"lazy\" decoding=\"async\" width=\"944\" height=\"204\" src=\"https:\/\/www.informatiqueauchateau.be\/wp-content\/uploads\/2021\/03\/Zoom-2.jpg\" alt=\"\" class=\"wp-image-929\" srcset=\"https:\/\/www.informatiqueauchateau.be\/wp-content\/uploads\/2021\/03\/Zoom-2.jpg 944w, https:\/\/www.informatiqueauchateau.be\/wp-content\/uploads\/2021\/03\/Zoom-2-300x65.jpg 300w, https:\/\/www.informatiqueauchateau.be\/wp-content\/uploads\/2021\/03\/Zoom-2-768x166.jpg 768w\" sizes=\"(max-width: 944px) 100vw, 944px\" \/><\/figure>\n\n\n\n<p>Dans la fen\u00eatre suivante, cliquez sur &#8220;Ouvrir Zoom Meetings&#8221; et patientez quelques secondes.<\/p>\n\n\n\n<p><em><strong>Astuce: <\/strong>cochez la case &#8220;Toujours autoriser &#8230;&#8221;.  Cela vous permettra d&#8217;obtenir une connexion plus rapide la prochaine fois.<\/em><\/p>\n\n\n\n<figure class=\"wp-block-image size-large\"><img loading=\"lazy\" decoding=\"async\" width=\"1024\" height=\"599\" src=\"https:\/\/www.informatiqueauchateau.be\/wp-content\/uploads\/2021\/03\/Zoom-3-1024x599.jpg\" alt=\"\" class=\"wp-image-932\" srcset=\"https:\/\/www.informatiqueauchateau.be\/wp-content\/uploads\/2021\/03\/Zoom-3-1024x599.jpg 1024w, https:\/\/www.informatiqueauchateau.be\/wp-content\/uploads\/2021\/03\/Zoom-3-300x176.jpg 300w, https:\/\/www.informatiqueauchateau.be\/wp-content\/uploads\/2021\/03\/Zoom-3-768x450.jpg 768w, https:\/\/www.informatiqueauchateau.be\/wp-content\/uploads\/2021\/03\/Zoom-3-1536x899.jpg 1536w, https:\/\/www.informatiqueauchateau.be\/wp-content\/uploads\/2021\/03\/Zoom-3-1200x702.jpg 1200w, https:\/\/www.informatiqueauchateau.be\/wp-content\/uploads\/2021\/03\/Zoom-3.jpg 1840w\" sizes=\"(max-width: 1024px) 100vw, 1024px\" \/><\/figure>\n\n\n\n<p>Apr\u00e8s quelques secondes, une fen\u00eatre avec votre visage appara\u00eet.  Cliquez sur la commande &#8220;Rejoindre avec une vid\u00e9o&#8221;<\/p>\n\n\n\n<figure class=\"wp-block-image size-large\"><img loading=\"lazy\" decoding=\"async\" width=\"1024\" height=\"803\" src=\"https:\/\/www.informatiqueauchateau.be\/wp-content\/uploads\/2021\/03\/Zoom-6-1024x803.jpg\" alt=\"\" class=\"wp-image-933\" srcset=\"https:\/\/www.informatiqueauchateau.be\/wp-content\/uploads\/2021\/03\/Zoom-6-1024x803.jpg 1024w, https:\/\/www.informatiqueauchateau.be\/wp-content\/uploads\/2021\/03\/Zoom-6-300x235.jpg 300w, https:\/\/www.informatiqueauchateau.be\/wp-content\/uploads\/2021\/03\/Zoom-6-768x602.jpg 768w, https:\/\/www.informatiqueauchateau.be\/wp-content\/uploads\/2021\/03\/Zoom-6-1200x941.jpg 1200w, https:\/\/www.informatiqueauchateau.be\/wp-content\/uploads\/2021\/03\/Zoom-6.jpg 1276w\" sizes=\"(max-width: 1024px) 100vw, 1024px\" \/><\/figure>\n\n\n\n<p>Une derni\u00e8re fen\u00eatre apparait dans le centre de votre \u00e9cran.  S\u00e9lectionnez la commande &#8220;Rejoindre l&#8217;audio par ordinateur&#8221;.<\/p>\n\n\n\n<figure class=\"wp-block-image size-large\"><img loading=\"lazy\" decoding=\"async\" width=\"1024\" height=\"678\" src=\"https:\/\/www.informatiqueauchateau.be\/wp-content\/uploads\/2021\/03\/Zoom-7-1024x678.jpg\" alt=\"\" class=\"wp-image-937\" srcset=\"https:\/\/www.informatiqueauchateau.be\/wp-content\/uploads\/2021\/03\/Zoom-7-1024x678.jpg 1024w, https:\/\/www.informatiqueauchateau.be\/wp-content\/uploads\/2021\/03\/Zoom-7-300x199.jpg 300w, https:\/\/www.informatiqueauchateau.be\/wp-content\/uploads\/2021\/03\/Zoom-7-768x509.jpg 768w, https:\/\/www.informatiqueauchateau.be\/wp-content\/uploads\/2021\/03\/Zoom-7.jpg 1084w\" sizes=\"(max-width: 1024px) 100vw, 1024px\" \/><\/figure>\n\n\n\n<p>Voil\u00e0 ! Vous entrez dans la r\u00e9union Zoom&#8230;<\/p>\n\n\n\n<p>En bougeant votre souris, une barre d&#8217;outils va appara\u00eetre dans le bas de la fen\u00eatre.<\/p>\n\n\n\n<p>Vous pourrez alors entre autre, d\u00e9sactiver\/r\u00e9activer votre micro et\/ou votre cam\u00e9ra.<\/p>\n\n\n\n<figure class=\"wp-block-image size-large\"><img loading=\"lazy\" decoding=\"async\" width=\"1024\" height=\"669\" src=\"https:\/\/www.informatiqueauchateau.be\/wp-content\/uploads\/2021\/03\/Zoom-8-1024x669.jpg\" alt=\"\" class=\"wp-image-935\" srcset=\"https:\/\/www.informatiqueauchateau.be\/wp-content\/uploads\/2021\/03\/Zoom-8-1024x669.jpg 1024w, https:\/\/www.informatiqueauchateau.be\/wp-content\/uploads\/2021\/03\/Zoom-8-300x196.jpg 300w, https:\/\/www.informatiqueauchateau.be\/wp-content\/uploads\/2021\/03\/Zoom-8-768x502.jpg 768w, https:\/\/www.informatiqueauchateau.be\/wp-content\/uploads\/2021\/03\/Zoom-8-1536x1003.jpg 1536w, https:\/\/www.informatiqueauchateau.be\/wp-content\/uploads\/2021\/03\/Zoom-8-1200x784.jpg 1200w, https:\/\/www.informatiqueauchateau.be\/wp-content\/uploads\/2021\/03\/Zoom-8.jpg 1551w\" sizes=\"(max-width: 1024px) 100vw, 1024px\" \/><\/figure>\n\n\n\n<h5 class=\"wp-block-heading\">Un autre moyen pour se connecter : l&#8217;Id de la r\u00e9union et le code secret<\/h5>\n\n\n\n<p>Sur l&#8217;e-mail d&#8217;invitation, vous trouvez normalement un autre moyen de connexion \u00e0 la r\u00e9union Zoom : un ID de la r\u00e9union et un code secret.<\/p>\n\n\n\n<p>Pour utiliser ce moyen de connexion, vous devez en premier, ouvrir l&#8217;application Zoom.<\/p>\n\n\n\n<figure class=\"wp-block-image size-large\"><img decoding=\"async\" width=\"1024\" height=\"493\" src=\"https:\/\/www.informatiqueauchateau.be\/wp-content\/uploads\/2021\/03\/Zoom-A-1024x493.jpg\" alt=\"\" class=\"wp-image-919\" srcset=\"https:\/\/www.informatiqueauchateau.be\/wp-content\/uploads\/2021\/03\/Zoom-A-1024x493.jpg 1024w, https:\/\/www.informatiqueauchateau.be\/wp-content\/uploads\/2021\/03\/Zoom-A-300x145.jpg 300w, https:\/\/www.informatiqueauchateau.be\/wp-content\/uploads\/2021\/03\/Zoom-A-768x370.jpg 768w, https:\/\/www.informatiqueauchateau.be\/wp-content\/uploads\/2021\/03\/Zoom-A-1536x740.jpg 1536w, https:\/\/www.informatiqueauchateau.be\/wp-content\/uploads\/2021\/03\/Zoom-A-1200x578.jpg 1200w, https:\/\/www.informatiqueauchateau.be\/wp-content\/uploads\/2021\/03\/Zoom-A.jpg 1611w\" sizes=\"(max-width: 1024px) 100vw, 1024px\" \/><\/figure>\n\n\n\n<p>Apr\u00e8s avoir lanc\u00e9 l&#8217;application Zoom, une fen\u00eatre &#8220;Rejoindre la r\u00e9union&#8221; appara\u00eet.<\/p>\n\n\n\n<ul class=\"wp-block-list\"><li>Indiquez le num\u00e9ro de la r\u00e9union mentionn\u00e9 dans l&#8217;e-mail d&#8217;invitation <\/li><li>Mentionnez ou modifiez votre identifiant qui sera visible par les autres participants, dans le coin inf\u00e9rieur droit de votre vignette.  Votre pr\u00e9nom suffit amplement !<\/li><li>Activez la commande &#8220;Rejoindre&#8221;<\/li><\/ul>\n\n\n\n<div class=\"wp-block-columns is-layout-flex wp-container-core-columns-is-layout-2 wp-block-columns-is-layout-flex\">\n<div class=\"wp-block-column is-layout-flow wp-block-column-is-layout-flow\">\n<figure class=\"wp-block-image size-large\"><img loading=\"lazy\" decoding=\"async\" width=\"834\" height=\"803\" src=\"https:\/\/www.informatiqueauchateau.be\/wp-content\/uploads\/2021\/03\/Zoom-9.jpg\" alt=\"\" class=\"wp-image-942\" srcset=\"https:\/\/www.informatiqueauchateau.be\/wp-content\/uploads\/2021\/03\/Zoom-9.jpg 834w, https:\/\/www.informatiqueauchateau.be\/wp-content\/uploads\/2021\/03\/Zoom-9-300x289.jpg 300w, https:\/\/www.informatiqueauchateau.be\/wp-content\/uploads\/2021\/03\/Zoom-9-768x739.jpg 768w\" sizes=\"(max-width: 834px) 100vw, 834px\" \/><\/figure>\n<\/div>\n\n\n\n<div class=\"wp-block-column is-layout-flow wp-block-column-is-layout-flow\">\n<figure class=\"wp-block-image size-large\"><img loading=\"lazy\" decoding=\"async\" width=\"834\" height=\"803\" src=\"https:\/\/www.informatiqueauchateau.be\/wp-content\/uploads\/2021\/03\/Zoom-10.jpg\" alt=\"\" class=\"wp-image-943\" srcset=\"https:\/\/www.informatiqueauchateau.be\/wp-content\/uploads\/2021\/03\/Zoom-10.jpg 834w, https:\/\/www.informatiqueauchateau.be\/wp-content\/uploads\/2021\/03\/Zoom-10-300x289.jpg 300w, https:\/\/www.informatiqueauchateau.be\/wp-content\/uploads\/2021\/03\/Zoom-10-768x739.jpg 768w\" sizes=\"(max-width: 834px) 100vw, 834px\" \/><\/figure>\n<\/div>\n<\/div>\n\n\n\n<ul class=\"wp-block-list\"><li>Saisissez le code secret de la r\u00e9union.  ATTENTION : respecter les majuscules et les minuscules.<\/li><li>Activez la commande &#8220;Rejoindre la r\u00e9union&#8221;<\/li><\/ul>\n\n\n\n<p>Il vous suffit ensuite de suivre le processus de connexion d\u00e9crit plus en avant.<\/p>\n\n\n\n<figure class=\"wp-block-image size-large\"><img loading=\"lazy\" decoding=\"async\" width=\"846\" height=\"805\" src=\"https:\/\/www.informatiqueauchateau.be\/wp-content\/uploads\/2021\/03\/Zoom-11.jpg\" alt=\"\" class=\"wp-image-949\" srcset=\"https:\/\/www.informatiqueauchateau.be\/wp-content\/uploads\/2021\/03\/Zoom-11.jpg 846w, https:\/\/www.informatiqueauchateau.be\/wp-content\/uploads\/2021\/03\/Zoom-11-300x285.jpg 300w, https:\/\/www.informatiqueauchateau.be\/wp-content\/uploads\/2021\/03\/Zoom-11-768x731.jpg 768w\" sizes=\"(max-width: 846px) 100vw, 846px\" \/><\/figure>\n\n\n\n<p>Lors de la premi\u00e8re connexion \u00e0 l&#8217;application Zoom, il vous sera peut-\u00eatre demand\u00e9 d&#8217;accepter les Conditions de service et la Politique de confidentialit\u00e9 de Zoom.<\/p>\n\n\n\n<p>Pour continuer le processus de connexion, cliquez sur &#8220;Je suis d&#8217;accord&#8221;<\/p>\n\n\n\n<figure class=\"wp-block-image size-large\"><img loading=\"lazy\" decoding=\"async\" width=\"986\" height=\"473\" src=\"https:\/\/www.informatiqueauchateau.be\/wp-content\/uploads\/2021\/03\/Zoom-12.jpg\" alt=\"\" class=\"wp-image-944\" srcset=\"https:\/\/www.informatiqueauchateau.be\/wp-content\/uploads\/2021\/03\/Zoom-12.jpg 986w, https:\/\/www.informatiqueauchateau.be\/wp-content\/uploads\/2021\/03\/Zoom-12-300x144.jpg 300w, https:\/\/www.informatiqueauchateau.be\/wp-content\/uploads\/2021\/03\/Zoom-12-768x368.jpg 768w\" sizes=\"(max-width: 986px) 100vw, 986px\" \/><\/figure>\n\n\n\n<h5 class=\"wp-block-heading\">P&#8217;tits conseils durant une r\u00e9union Zoom<\/h5>\n\n\n\n<h6 class=\"wp-block-heading\">Maintenez votre micro &#8220;D\u00e9sactiv\u00e9&#8221; sauf si vous devez prendre la parole&#8230;<\/h6>\n\n\n\n<p>Si votre micro est d\u00e9sactiv\u00e9, les bruits de votre environnement ne seront pas entendus par les autres participants.  Vous pourrez r\u00e9pondre \u00e0 un appel t\u00e9l\u00e9phonique \u00e9ventuel, votre chien pourra aboyer, vous pourrez m\u00eame ronfler !!!<\/p>\n\n\n\n<p>Par contre, si vous souhaitez prendre la parole, posez une question, assurez-vous de r\u00e9activer votre micro au pr\u00e9alable !<\/p>\n\n\n\n<h6 class=\"wp-block-heading\">Ne parlez pas tous en m\u00eame temps&#8230;<\/h6>\n\n\n\n<p>Lorsqu&#8217;il y a plusieurs participants \u00e0 une r\u00e9union Zoom, c&#8217;est un peu emb\u00eatant quand tout le monde parle en m\u00eame temps&#8230; On ne s&#8217;entend plus&#8230; Vous verrez, vous vous  habituerez \u00e0 parler \u00e0 votre tours.<\/p>\n","protected":false},"excerpt":{"rendered":"<p>Nous utilisons la plateforme Zoom pour l&#8217;organisation de nos rencontres en virtuel. Que se soit pour l&#8217;Ap\u00e9ro virtuel du vendredi matin, que pour une aide personnalis\u00e9e \u00e0 distance. L&#8217;utilisation de la plateforme Zoom sur votre PC portable ou votre PC fixe avec une cam\u00e9ra externe s&#8217;effectue en 2 \u00e9tapes: le t\u00e9l\u00e9chargement et l&#8217;installation de l&#8217;application [&hellip;]<\/p>\n","protected":false},"author":1,"featured_media":0,"parent":0,"menu_order":0,"comment_status":"closed","ping_status":"closed","template":"","meta":{"footnotes":""},"class_list":["post-911","page","type-page","status-publish","hentry"],"yoast_head":"<!-- This site is optimized with the Yoast SEO plugin v26.2 - https:\/\/yoast.com\/wordpress\/plugins\/seo\/ -->\n<title>Zoom -<\/title>\n<meta name=\"robots\" content=\"index, follow, max-snippet:-1, max-image-preview:large, max-video-preview:-1\" \/>\n<link rel=\"canonical\" href=\"https:\/\/www.informatiqueauchateau.be\/index.php\/zoom-13\/\" \/>\n<meta property=\"og:locale\" content=\"en_US\" \/>\n<meta property=\"og:type\" content=\"article\" \/>\n<meta property=\"og:title\" content=\"Zoom -\" \/>\n<meta property=\"og:description\" content=\"Nous utilisons la plateforme Zoom pour l&#8217;organisation de nos rencontres en virtuel. Que se soit pour l&#8217;Ap\u00e9ro virtuel du vendredi matin, que pour une aide personnalis\u00e9e \u00e0 distance. L&#8217;utilisation de la plateforme Zoom sur votre PC portable ou votre PC fixe avec une cam\u00e9ra externe s&#8217;effectue en 2 \u00e9tapes: le t\u00e9l\u00e9chargement et l&#8217;installation de l&#8217;application [&hellip;]\" \/>\n<meta property=\"og:url\" content=\"https:\/\/www.informatiqueauchateau.be\/index.php\/zoom-13\/\" \/>\n<meta property=\"article:modified_time\" content=\"2021-03-19T07:54:56+00:00\" \/>\n<meta property=\"og:image\" content=\"https:\/\/www.informatiqueauchateau.be\/wp-content\/uploads\/2021\/03\/Zoom.jpg\" \/>\n<meta name=\"twitter:card\" content=\"summary_large_image\" \/>\n<meta name=\"twitter:label1\" content=\"Est. reading time\" \/>\n\t<meta name=\"twitter:data1\" content=\"7 minutes\" \/>\n<script type=\"application\/ld+json\" class=\"yoast-schema-graph\">{\"@context\":\"https:\/\/schema.org\",\"@graph\":[{\"@type\":\"WebPage\",\"@id\":\"https:\/\/www.informatiqueauchateau.be\/index.php\/zoom-13\/\",\"url\":\"https:\/\/www.informatiqueauchateau.be\/index.php\/zoom-13\/\",\"name\":\"Zoom -\",\"isPartOf\":{\"@id\":\"https:\/\/www.informatiqueauchateau.be\/#website\"},\"primaryImageOfPage\":{\"@id\":\"https:\/\/www.informatiqueauchateau.be\/index.php\/zoom-13\/#primaryimage\"},\"image\":{\"@id\":\"https:\/\/www.informatiqueauchateau.be\/index.php\/zoom-13\/#primaryimage\"},\"thumbnailUrl\":\"https:\/\/www.informatiqueauchateau.be\/wp-content\/uploads\/2021\/03\/Zoom.jpg\",\"datePublished\":\"2021-03-16T15:02:30+00:00\",\"dateModified\":\"2021-03-19T07:54:56+00:00\",\"breadcrumb\":{\"@id\":\"https:\/\/www.informatiqueauchateau.be\/index.php\/zoom-13\/#breadcrumb\"},\"inLanguage\":\"en-US\",\"potentialAction\":[{\"@type\":\"ReadAction\",\"target\":[\"https:\/\/www.informatiqueauchateau.be\/index.php\/zoom-13\/\"]}]},{\"@type\":\"ImageObject\",\"inLanguage\":\"en-US\",\"@id\":\"https:\/\/www.informatiqueauchateau.be\/index.php\/zoom-13\/#primaryimage\",\"url\":\"https:\/\/www.informatiqueauchateau.be\/wp-content\/uploads\/2021\/03\/Zoom.jpg\",\"contentUrl\":\"https:\/\/www.informatiqueauchateau.be\/wp-content\/uploads\/2021\/03\/Zoom.jpg\",\"width\":222,\"height\":223},{\"@type\":\"BreadcrumbList\",\"@id\":\"https:\/\/www.informatiqueauchateau.be\/index.php\/zoom-13\/#breadcrumb\",\"itemListElement\":[{\"@type\":\"ListItem\",\"position\":1,\"name\":\"Accueil\",\"item\":\"https:\/\/www.informatiqueauchateau.be\/\"},{\"@type\":\"ListItem\",\"position\":2,\"name\":\"Zoom\"}]},{\"@type\":\"WebSite\",\"@id\":\"https:\/\/www.informatiqueauchateau.be\/#website\",\"url\":\"https:\/\/www.informatiqueauchateau.be\/\",\"name\":\"\",\"description\":\"\",\"potentialAction\":[{\"@type\":\"SearchAction\",\"target\":{\"@type\":\"EntryPoint\",\"urlTemplate\":\"https:\/\/www.informatiqueauchateau.be\/?s={search_term_string}\"},\"query-input\":{\"@type\":\"PropertyValueSpecification\",\"valueRequired\":true,\"valueName\":\"search_term_string\"}}],\"inLanguage\":\"en-US\"}]}<\/script>\n<!-- \/ Yoast SEO plugin. -->","yoast_head_json":{"title":"Zoom -","robots":{"index":"index","follow":"follow","max-snippet":"max-snippet:-1","max-image-preview":"max-image-preview:large","max-video-preview":"max-video-preview:-1"},"canonical":"https:\/\/www.informatiqueauchateau.be\/index.php\/zoom-13\/","og_locale":"en_US","og_type":"article","og_title":"Zoom -","og_description":"Nous utilisons la plateforme Zoom pour l&#8217;organisation de nos rencontres en virtuel. Que se soit pour l&#8217;Ap\u00e9ro virtuel du vendredi matin, que pour une aide personnalis\u00e9e \u00e0 distance. L&#8217;utilisation de la plateforme Zoom sur votre PC portable ou votre PC fixe avec une cam\u00e9ra externe s&#8217;effectue en 2 \u00e9tapes: le t\u00e9l\u00e9chargement et l&#8217;installation de l&#8217;application [&hellip;]","og_url":"https:\/\/www.informatiqueauchateau.be\/index.php\/zoom-13\/","article_modified_time":"2021-03-19T07:54:56+00:00","og_image":[{"url":"https:\/\/www.informatiqueauchateau.be\/wp-content\/uploads\/2021\/03\/Zoom.jpg","type":"","width":"","height":""}],"twitter_card":"summary_large_image","twitter_misc":{"Est. reading time":"7 minutes"},"schema":{"@context":"https:\/\/schema.org","@graph":[{"@type":"WebPage","@id":"https:\/\/www.informatiqueauchateau.be\/index.php\/zoom-13\/","url":"https:\/\/www.informatiqueauchateau.be\/index.php\/zoom-13\/","name":"Zoom -","isPartOf":{"@id":"https:\/\/www.informatiqueauchateau.be\/#website"},"primaryImageOfPage":{"@id":"https:\/\/www.informatiqueauchateau.be\/index.php\/zoom-13\/#primaryimage"},"image":{"@id":"https:\/\/www.informatiqueauchateau.be\/index.php\/zoom-13\/#primaryimage"},"thumbnailUrl":"https:\/\/www.informatiqueauchateau.be\/wp-content\/uploads\/2021\/03\/Zoom.jpg","datePublished":"2021-03-16T15:02:30+00:00","dateModified":"2021-03-19T07:54:56+00:00","breadcrumb":{"@id":"https:\/\/www.informatiqueauchateau.be\/index.php\/zoom-13\/#breadcrumb"},"inLanguage":"en-US","potentialAction":[{"@type":"ReadAction","target":["https:\/\/www.informatiqueauchateau.be\/index.php\/zoom-13\/"]}]},{"@type":"ImageObject","inLanguage":"en-US","@id":"https:\/\/www.informatiqueauchateau.be\/index.php\/zoom-13\/#primaryimage","url":"https:\/\/www.informatiqueauchateau.be\/wp-content\/uploads\/2021\/03\/Zoom.jpg","contentUrl":"https:\/\/www.informatiqueauchateau.be\/wp-content\/uploads\/2021\/03\/Zoom.jpg","width":222,"height":223},{"@type":"BreadcrumbList","@id":"https:\/\/www.informatiqueauchateau.be\/index.php\/zoom-13\/#breadcrumb","itemListElement":[{"@type":"ListItem","position":1,"name":"Accueil","item":"https:\/\/www.informatiqueauchateau.be\/"},{"@type":"ListItem","position":2,"name":"Zoom"}]},{"@type":"WebSite","@id":"https:\/\/www.informatiqueauchateau.be\/#website","url":"https:\/\/www.informatiqueauchateau.be\/","name":"","description":"","potentialAction":[{"@type":"SearchAction","target":{"@type":"EntryPoint","urlTemplate":"https:\/\/www.informatiqueauchateau.be\/?s={search_term_string}"},"query-input":{"@type":"PropertyValueSpecification","valueRequired":true,"valueName":"search_term_string"}}],"inLanguage":"en-US"}]}},"_links":{"self":[{"href":"https:\/\/www.informatiqueauchateau.be\/index.php\/wp-json\/wp\/v2\/pages\/911","targetHints":{"allow":["GET"]}}],"collection":[{"href":"https:\/\/www.informatiqueauchateau.be\/index.php\/wp-json\/wp\/v2\/pages"}],"about":[{"href":"https:\/\/www.informatiqueauchateau.be\/index.php\/wp-json\/wp\/v2\/types\/page"}],"author":[{"embeddable":true,"href":"https:\/\/www.informatiqueauchateau.be\/index.php\/wp-json\/wp\/v2\/users\/1"}],"replies":[{"embeddable":true,"href":"https:\/\/www.informatiqueauchateau.be\/index.php\/wp-json\/wp\/v2\/comments?post=911"}],"version-history":[{"count":22,"href":"https:\/\/www.informatiqueauchateau.be\/index.php\/wp-json\/wp\/v2\/pages\/911\/revisions"}],"predecessor-version":[{"id":973,"href":"https:\/\/www.informatiqueauchateau.be\/index.php\/wp-json\/wp\/v2\/pages\/911\/revisions\/973"}],"wp:attachment":[{"href":"https:\/\/www.informatiqueauchateau.be\/index.php\/wp-json\/wp\/v2\/media?parent=911"}],"curies":[{"name":"wp","href":"https:\/\/api.w.org\/{rel}","templated":true}]}}